{"id":8931,"date":"2023-07-04T13:09:50","date_gmt":"2023-07-04T11:09:50","guid":{"rendered":"https:\/\/www.kreisschule.ch\/?page_id=8931"},"modified":"2023-07-13T11:13:50","modified_gmt":"2023-07-13T09:13:50","slug":"wahlfach-pr-2023","status":"publish","type":"page","link":"https:\/\/www.kreisschule.ch\/?page_id=8931","title":{"rendered":"Wahlfach P&#038;R 2023"},"content":{"rendered":"<p>Projekt und Recherche ist ein Wahlpflichtfach der 9.Klasse. Dabei realisieren die Sch\u00fclerInnen ihr eigenes Projekt. Was dabei entstanden ist, zeigt die grosse Vielfalt.<\/p>\n<h4 style=\"font-weight: 400;\">Sitzlandschaft<\/h4>\n<p style=\"font-weight: 400;\">Die neue Sitzgelegenheit in der KSM 1. Von Sch\u00fcler f\u00fcr Sch\u00fcler*innen.<\/p>\n<p><img loading=\"lazy\" decoding=\"async\" class=\"alignnone size-medium wp-image-8973\" src=\"https:\/\/www.kreisschule.ch\/wp-content\/uploads\/2023\/07\/Bildschirmfoto-2023-07-10-um-12.59.37-300x224.png\" alt=\"\" width=\"300\" height=\"224\" srcset=\"https:\/\/www.kreisschule.ch\/wp-content\/uploads\/2023\/07\/Bildschirmfoto-2023-07-10-um-12.59.37-300x224.png 300w, https:\/\/www.kreisschule.ch\/wp-content\/uploads\/2023\/07\/Bildschirmfoto-2023-07-10-um-12.59.37.png 692w\" sizes=\"auto, (max-width: 300px) 100vw, 300px\" \/><\/p>\n<p>von Anania Gianluca, Cyril Wyss und Brem Remo<\/p>\n<hr>\n<h4 style=\"font-weight: 400;\">Ungarn<\/h4>\n<p style=\"font-weight: 400;\">In meinem Projekt geht es um Ungarn. Alles, was Sie \u00fcber Ungarn wissen m\u00fcssen: Geschichte seit 895, Essen, Politik, Sport und mehr.<\/p>\n<p style=\"font-weight: 400;\"><img loading=\"lazy\" decoding=\"async\" class=\"alignnone size-medium wp-image-8951\" src=\"https:\/\/www.kreisschule.ch\/wp-content\/uploads\/2023\/07\/Ohne-Titel-300x156.png\" alt=\"\" width=\"300\" height=\"156\" srcset=\"https:\/\/www.kreisschule.ch\/wp-content\/uploads\/2023\/07\/Ohne-Titel-300x156.png 300w, https:\/\/www.kreisschule.ch\/wp-content\/uploads\/2023\/07\/Ohne-Titel-1024x531.png 1024w, https:\/\/www.kreisschule.ch\/wp-content\/uploads\/2023\/07\/Ohne-Titel-768x399.png 768w, https:\/\/www.kreisschule.ch\/wp-content\/uploads\/2023\/07\/Ohne-Titel-1536x797.png 1536w, https:\/\/www.kreisschule.ch\/wp-content\/uploads\/2023\/07\/Ohne-Titel-2048x1063.png 2048w\" sizes=\"auto, (max-width: 300px) 100vw, 300px\" \/><\/p>\n<p>von Dominik Kelen<\/p>\n<hr>\n<h4 style=\"font-weight: 400;\">Mini Fussball Feld<\/h4>\n<p style=\"font-weight: 400;\">Wir haben 10 Banden gebaut, um mithilfe von einem raffinierten Mechanismus die Banden zu befestigen.<\/p>\n<p style=\"font-weight: 400;\">Wir haben st\u00fctzen gebaut, um die Banden hinten zu stabilisieren, dass die Banden nicht so schnell umfallen.<\/p>\n<p style=\"font-weight: 400;\">Das Ziel: Ein kleines variierbares Fussballfeld zu bauen, um mit seinen Freunden Fussball zu spielen.<\/p>\n<p><img loading=\"lazy\" decoding=\"async\" class=\"alignnone size-medium wp-image-8958\" src=\"https:\/\/www.kreisschule.ch\/wp-content\/uploads\/2023\/07\/minifussball-300x225.png\" alt=\"\" width=\"300\" height=\"225\" srcset=\"https:\/\/www.kreisschule.ch\/wp-content\/uploads\/2023\/07\/minifussball-300x225.png 300w, https:\/\/www.kreisschule.ch\/wp-content\/uploads\/2023\/07\/minifussball.png 380w\" sizes=\"auto, (max-width: 300px) 100vw, 300px\" \/><\/p>\n<p>von Kappeler Janis\/ Hitz Luan<\/p>\n<hr>\n<h4 style=\"font-weight: 400;\">5 Ber\u00fchmte Menschen<\/h4>\n<p style=\"font-weight: 400;\">Ich hatte eine PowerPoint \u00fcber&nbsp; 6 ber\u00fchmte Menschen aus verschiedenen L\u00e4ndern geplant . Ich hatte Lionel Messi, Adem Jashari ,&nbsp; Pablo Escobar, Adolf Hitler, Bob Marley, und Kim Kardashian gew\u00e4hlt.<\/p>\n<p><img loading=\"lazy\" decoding=\"async\" class=\"alignnone size-medium wp-image-8962\" src=\"https:\/\/www.kreisschule.ch\/wp-content\/uploads\/2023\/07\/Bildschirmfoto-2023-07-10-um-11.53.14-300x180.png\" alt=\"\" width=\"300\" height=\"180\" srcset=\"https:\/\/www.kreisschule.ch\/wp-content\/uploads\/2023\/07\/Bildschirmfoto-2023-07-10-um-11.53.14-300x180.png 300w, https:\/\/www.kreisschule.ch\/wp-content\/uploads\/2023\/07\/Bildschirmfoto-2023-07-10-um-11.53.14.png 638w\" sizes=\"auto, (max-width: 300px) 100vw, 300px\" \/><\/p>\n<p>von Amar Ismaili<\/p>\n<hr>\n<h4 style=\"font-weight: 400;\">Italienisch lernen<\/h4>\n<p style=\"font-weight: 400;\">Ich habe mich in diesen f\u00fcnf Monaten mit der italienischen Sprache auseinandergesetzt. Meine Ziele waren es eine einfache Unterhaltung f\u00fchren und das Wichtigste in einem Restaurant bestellen zu k\u00f6nnen. Ich habe einige Apps verwendet: Duolingo, FunEasyLearn, Lego. Meine wichtigste Internetseite war Italiano-bello. Mit dieser konnte ich als Einsteiger viel lernen.<\/p>\n<p><img loading=\"lazy\" decoding=\"async\" class=\"alignnone size-medium wp-image-8963\" src=\"https:\/\/www.kreisschule.ch\/wp-content\/uploads\/2023\/07\/Bildschirmfoto-2023-07-10-um-11.56.25-300x209.png\" alt=\"\" width=\"300\" height=\"209\" srcset=\"https:\/\/www.kreisschule.ch\/wp-content\/uploads\/2023\/07\/Bildschirmfoto-2023-07-10-um-11.56.25-300x209.png 300w, https:\/\/www.kreisschule.ch\/wp-content\/uploads\/2023\/07\/Bildschirmfoto-2023-07-10-um-11.56.25.png 604w\" sizes=\"auto, (max-width: 300px) 100vw, 300px\" \/><\/p>\n<p>von Petar-Aleksandar Golijanin<\/p>\n<hr>\n<h4 style=\"font-weight: 400;\">Der Rheinfall als Modell<\/h4>\n<p style=\"font-weight: 400;\">Wir haben den Rheinfall als Modell m\u00f6glichst originalgetreu dargestellt. Wir wurden, wegen eines Vorfalls mit Epoxidharz, nicht fertig. Der Massstab war recht klein, n\u00e4mlich 1 zu 600, die Platte war somit 1 Meter mal 0.5 Meter.<\/p>\n<p><img loading=\"lazy\" decoding=\"async\" class=\"alignnone size-medium wp-image-8965\" src=\"https:\/\/www.kreisschule.ch\/wp-content\/uploads\/2023\/07\/Bildschirmfoto-2023-07-10-um-12.00.16-300x287.png\" alt=\"\" width=\"300\" height=\"287\" srcset=\"https:\/\/www.kreisschule.ch\/wp-content\/uploads\/2023\/07\/Bildschirmfoto-2023-07-10-um-12.00.16-300x287.png 300w, https:\/\/www.kreisschule.ch\/wp-content\/uploads\/2023\/07\/Bildschirmfoto-2023-07-10-um-12.00.16.png 373w\" sizes=\"auto, (max-width: 300px) 100vw, 300px\" \/><\/p>\n<p>von Lukas R\u00fccker und Sinan Gerwig<\/p>\n<hr>\n<h4 style=\"font-weight: 400;\">Crazycart<\/h4>\n<p style=\"font-weight: 400;\">Der Crazycart ist eine Art Go-Kart. Er ist aber zum Driften gedacht und nicht um normal zu Fahren. Er hat ein Gaspedal, ein Lenkrad und zwei Rollen, die mit einem Hebel verbunden sind. Er wird durch eine Batterie eines E-Scooters betrieben und ist somit elektrisch. Vorne wird das betriebene Rad des E-Scooters als Antrieb verbaut.<\/p>\n<p><img loading=\"lazy\" decoding=\"async\" class=\"alignnone size-medium wp-image-8966\" src=\"https:\/\/www.kreisschule.ch\/wp-content\/uploads\/2023\/07\/Bildschirmfoto-2023-07-10-um-12.03.48-300x204.png\" alt=\"\" width=\"300\" height=\"204\" srcset=\"https:\/\/www.kreisschule.ch\/wp-content\/uploads\/2023\/07\/Bildschirmfoto-2023-07-10-um-12.03.48-300x204.png 300w, https:\/\/www.kreisschule.ch\/wp-content\/uploads\/2023\/07\/Bildschirmfoto-2023-07-10-um-12.03.48.png 584w\" sizes=\"auto, (max-width: 300px) 100vw, 300px\" \/><\/p>\n<p>von Julian Fischer und William Tomanek<\/p>\n<hr>\n<h4 style=\"font-weight: 400;\">Mini-Basketballkorb<\/h4>\n<p style=\"font-weight: 400;\">Wir haben einen Basketballkorb gemacht. Wir haben alles von Hand bearbeitet. Man kann outdoor oder indoor spielen. Man kann es an der T\u00fcr anh\u00e4ngen.<\/p>\n<p><img loading=\"lazy\" decoding=\"async\" class=\"alignnone wp-image-8967\" src=\"https:\/\/www.kreisschule.ch\/wp-content\/uploads\/2023\/07\/Bildschirmfoto-2023-07-10-um-12.05.36-300x133.png\" alt=\"\" width=\"447\" height=\"198\" srcset=\"https:\/\/www.kreisschule.ch\/wp-content\/uploads\/2023\/07\/Bildschirmfoto-2023-07-10-um-12.05.36-300x133.png 300w, https:\/\/www.kreisschule.ch\/wp-content\/uploads\/2023\/07\/Bildschirmfoto-2023-07-10-um-12.05.36.png 627w\" sizes=\"auto, (max-width: 447px) 100vw, 447px\" \/><\/p>\n<p>von Jeremy Maxwell Fernandes de Sousa<\/p>\n<hr>\n<h4 style=\"font-weight: 400;\">Override: Ein Geometry Dash Level<\/h4>\n<p style=\"font-weight: 400;\">Unser Ziel war es, einen Level im Game namens Geometry Dash zu bauen und dann am Ende in den Online-Server des Games hochzuladen.<\/p>\n<p style=\"font-weight: 400;\">In dem Level fokussierten wir uns auf das Layout (Gameplay und Game-Modes), der Deko (f\u00fcr die Deko benutzten wir den Space-theme) und dem Lied (wir w\u00e4hlten den Song Override von KSLV noh aus).<\/p>\n<p><img loading=\"lazy\" decoding=\"async\" class=\"alignnone size-medium wp-image-8968\" src=\"https:\/\/www.kreisschule.ch\/wp-content\/uploads\/2023\/07\/Bildschirmfoto-2023-07-10-um-12.07.51-300x185.png\" alt=\"\" width=\"300\" height=\"185\" srcset=\"https:\/\/www.kreisschule.ch\/wp-content\/uploads\/2023\/07\/Bildschirmfoto-2023-07-10-um-12.07.51-300x185.png 300w, https:\/\/www.kreisschule.ch\/wp-content\/uploads\/2023\/07\/Bildschirmfoto-2023-07-10-um-12.07.51.png 558w\" sizes=\"auto, (max-width: 300px) 100vw, 300px\" \/><\/p>\n<p>von Ibrahim El Dabboussi und Nils Hensch<\/p>\n<hr>\n<h4 style=\"font-weight: 400;\">Neuseeland<\/h4>\n<p style=\"font-weight: 400;\">Ich habe eine Pr\u00e4sentation gemacht \u00fcber Neuseeland mit dem Zeil, dass einige andere aus unserer P<\/p>\n<p style=\"font-weight: 400;\">Klasse einmal Neuseeland besuchen wollen. Ich bin nach Neuseeland gereist und habe Notizen gemacht, wor\u00fcber ich reden w\u00fcrde und welche Unterschiede die Schweiz hat gegen\u00fcber Neuseeland.<\/p>\n<p><img loading=\"lazy\" decoding=\"async\" class=\"alignnone size-medium wp-image-8972\" src=\"https:\/\/www.kreisschule.ch\/wp-content\/uploads\/2023\/07\/Bildschirmfoto-2023-07-10-um-12.56.28-300x210.png\" alt=\"\" width=\"300\" height=\"210\" srcset=\"https:\/\/www.kreisschule.ch\/wp-content\/uploads\/2023\/07\/Bildschirmfoto-2023-07-10-um-12.56.28-300x210.png 300w, https:\/\/www.kreisschule.ch\/wp-content\/uploads\/2023\/07\/Bildschirmfoto-2023-07-10-um-12.56.28.png 709w\" sizes=\"auto, (max-width: 300px) 100vw, 300px\" \/><\/p>\n<p>von Shay Dhingra<\/p>\n<hr>\n<h4 style=\"font-weight: 400;\">Uran<\/h4>\n<p style=\"font-weight: 400;\">In meinem Projekt ging es darum, wie und wo man Uran findet. Es geht auch darum wer es gefunden hat und wie es gefunden wurde.<\/p>\n<p><img loading=\"lazy\" decoding=\"async\" class=\"alignnone size-medium wp-image-8976\" src=\"https:\/\/www.kreisschule.ch\/wp-content\/uploads\/2023\/07\/Bildschirmfoto-2023-07-10-um-13.04.49-300x300.png\" alt=\"\" width=\"300\" height=\"300\" srcset=\"https:\/\/www.kreisschule.ch\/wp-content\/uploads\/2023\/07\/Bildschirmfoto-2023-07-10-um-13.04.49-300x300.png 300w, https:\/\/www.kreisschule.ch\/wp-content\/uploads\/2023\/07\/Bildschirmfoto-2023-07-10-um-13.04.49-150x150.png 150w, https:\/\/www.kreisschule.ch\/wp-content\/uploads\/2023\/07\/Bildschirmfoto-2023-07-10-um-13.04.49.png 576w\" sizes=\"auto, (max-width: 300px) 100vw, 300px\" \/><\/p>\n<p>von Dario Castioni<\/p>\n<hr>\n<h4 style=\"font-weight: 400;\">Basketballkorb<\/h4>\n<p style=\"font-weight: 400;\">Hier ist ein selbstgemachter Basketballkorb aber nicht in der Originalgr\u00f6sse. Es wurde immer in der Schule gemacht und mit dem Material der in der Schule ist.<\/p>\n<p><img loading=\"lazy\" decoding=\"async\" class=\"alignnone size-medium wp-image-8979\" src=\"https:\/\/www.kreisschule.ch\/wp-content\/uploads\/2023\/07\/Bildschirmfoto-2023-07-10-um-13.13.51-225x300.png\" alt=\"\" width=\"225\" height=\"300\" srcset=\"https:\/\/www.kreisschule.ch\/wp-content\/uploads\/2023\/07\/Bildschirmfoto-2023-07-10-um-13.13.51-225x300.png 225w, https:\/\/www.kreisschule.ch\/wp-content\/uploads\/2023\/07\/Bildschirmfoto-2023-07-10-um-13.13.51.png 441w\" sizes=\"auto, (max-width: 225px) 100vw, 225px\" \/><\/p>\n<p>von Fabio da Silva, Joel Gsell<\/p>\n<hr>\n<h4 style=\"font-weight: 400;\">Bierkisten Go-Kart<\/h4>\n<p style=\"font-weight: 400;\">Unser Projekt ist ein selbstgebautes Bierkisten-Go-Kart, inspiriert von einem Instagram-Post, das wir mit unseren technisch affinen Kollegen umgesetzt haben.<\/p>\n<p style=\"font-weight: 400;\">Es vereint unsere Leidenschaft f\u00fcrs Schrauben und Mofa fahren und ist ein einzigartiges und unterhaltsames Fahrzeug, das uns allen viel Freude bereitet.<\/p>\n<p><img loading=\"lazy\" decoding=\"async\" class=\"alignnone size-medium wp-image-8982\" src=\"https:\/\/www.kreisschule.ch\/wp-content\/uploads\/2023\/07\/Bildschirmfoto-2023-07-10-um-13.15.41-300x290.png\" alt=\"\" width=\"300\" height=\"290\" srcset=\"https:\/\/www.kreisschule.ch\/wp-content\/uploads\/2023\/07\/Bildschirmfoto-2023-07-10-um-13.15.41-300x290.png 300w, https:\/\/www.kreisschule.ch\/wp-content\/uploads\/2023\/07\/Bildschirmfoto-2023-07-10-um-13.15.41.png 388w\" sizes=\"auto, (max-width: 300px) 100vw, 300px\" \/><\/p>\n<p>von Leon Burkart<\/p>\n<hr>\n<h4 style=\"font-weight: 400;\">Mein Messer<\/h4>\n<p style=\"font-weight: 400;\">Mein Messer hat eine sehr coole Form, sie gef\u00e4llt mir sehr. Ich habe es aus einem St\u00fcck Edelmetall geschliffen und danach mit Schleifpapier geschliffen und scharf gemacht.<\/p>\n<p><img loading=\"lazy\" decoding=\"async\" class=\"alignnone size-medium wp-image-8981\" src=\"https:\/\/www.kreisschule.ch\/wp-content\/uploads\/2023\/07\/mein-messer-300x225.png\" alt=\"\" width=\"300\" height=\"225\" srcset=\"https:\/\/www.kreisschule.ch\/wp-content\/uploads\/2023\/07\/mein-messer-300x225.png 300w, https:\/\/www.kreisschule.ch\/wp-content\/uploads\/2023\/07\/mein-messer.png 360w\" sizes=\"auto, (max-width: 300px) 100vw, 300px\" \/><\/p>\n<p>von Bonjaku Leart<\/p>\n<hr>\n<h4 style=\"font-weight: 400;\">WM Highlights Film 2023<\/h4>\n<p style=\"font-weight: 400;\">Wir haben einen Film auf I Movie zusammen geschnitten der die WM 2023 in Qatar genau zeigt und alle R\u00fcckblicke hervorgehoben worden.<\/p>\n<p><img loading=\"lazy\" decoding=\"async\" class=\"alignnone size-medium wp-image-8983\" src=\"https:\/\/www.kreisschule.ch\/wp-content\/uploads\/2023\/07\/WM-Highlights-Film-2023-300x225.png\" alt=\"\" width=\"300\" height=\"225\" srcset=\"https:\/\/www.kreisschule.ch\/wp-content\/uploads\/2023\/07\/WM-Highlights-Film-2023-300x225.png 300w, https:\/\/www.kreisschule.ch\/wp-content\/uploads\/2023\/07\/WM-Highlights-Film-2023.png 454w\" sizes=\"auto, (max-width: 300px) 100vw, 300px\" \/><\/p>\n<p>von Bernet Joel und Elia Pappacena<\/p>\n<hr>\n<h4 style=\"font-weight: 400;\">Kochbuch<\/h4>\n<p style=\"font-weight: 400;\">Wir haben ein Kochbuch gemacht, bei dem wir f\u00fcnf Spezialit\u00e4ten aus verschiedenen L\u00e4ndern aus Europa gekocht haben. Wir haben uns die L\u00e4nder: \u00d6sterreich, Schweiz, Mexiko, Schweden und Frankreich ausgesucht. Das Kochbuch haben wir auf Word gestaltet.<\/p>\n<p><img loading=\"lazy\" decoding=\"async\" class=\"alignnone size-full wp-image-8984\" src=\"https:\/\/www.kreisschule.ch\/wp-content\/uploads\/2023\/07\/Kochbuch.png\" alt=\"\" width=\"287\" height=\"292\"><\/p>\n<p>von Jamie Bernet<\/p>\n<hr>\n<h4 style=\"font-weight: 400;\">Das Messer<\/h4>\n<p style=\"font-weight: 400;\">Ich habe ein Messer aus Metall geschliffen. Die Form ist sehr dynamisch und war nicht leicht zu schleifen.<\/p>\n<p><img loading=\"lazy\" decoding=\"async\" class=\"alignnone wp-image-8985\" src=\"https:\/\/www.kreisschule.ch\/wp-content\/uploads\/2023\/07\/messer.png\" alt=\"\" width=\"208\" height=\"279\"><\/p>\n<p>von Bassi Matteo<\/p>\n<hr>\n<h4 style=\"font-weight: 400;\">Flora Two-Piece<\/h4>\n<p style=\"font-weight: 400;\">Eine Rekreation des Kost\u00fcms von Flora der Serie \u201cWinx Club\u201d. Das Kleid ist aus den Stoffen von der Schule gemacht aber den weissen T\u00fcll haben wir selber bestellt. F\u00fcr die Kette haben wir eine alte Kette recycelt und noch Anh\u00e4nger hinzugef\u00fcgt.<\/p>\n<p><img loading=\"lazy\" decoding=\"async\" class=\"alignnone wp-image-8986\" src=\"https:\/\/www.kreisschule.ch\/wp-content\/uploads\/2023\/07\/flora-225x300.png\" alt=\"\" width=\"283\" height=\"377\" srcset=\"https:\/\/www.kreisschule.ch\/wp-content\/uploads\/2023\/07\/flora-225x300.png 225w, https:\/\/www.kreisschule.ch\/wp-content\/uploads\/2023\/07\/flora.png 270w\" sizes=\"auto, (max-width: 283px) 100vw, 283px\" \/><\/p>\n<p>von Sharmitha, Norah und Merjema<\/p>\n<hr>\n<h4 style=\"font-weight: 400;\">3D-Kugellabyrinth<\/h4>\n<p style=\"font-weight: 400;\">Das ist das 3D-Modell unserer, auf Autodesk Fusion 360 erstellten, Kugelbahn. Man muss durch Neigen und Drehen der Kugel eine kleine Murmel im inneren durch das Labyrinth zum Ziel lenken. Das ist ein kniffeliges Geschicklichkeitsspiel, das sehr viel Spass macht zu spielen.<\/p>\n<p><img loading=\"lazy\" decoding=\"async\" class=\"alignnone size-full wp-image-8988\" src=\"https:\/\/www.kreisschule.ch\/wp-content\/uploads\/2023\/07\/3D-Kugel.png\" alt=\"\" width=\"301\" height=\"290\"><\/p>\n<p>von Arslan Rodin<\/p>\n<hr>\n<h4 style=\"font-weight: 400;\">Pocketbike restaurieren<\/h4>\n<p style=\"font-weight: 400;\">Es ist ein sch\u00f6nes, kleines, schnelles Motorrad (Pocketbike). Es ist nicht sehr angenehm zum Fahren, aber es macht Spass.<\/p>\n<p style=\"font-weight: 400;\">Wir haben das Pocketbike gekauft, es hat 5 Jahre gestanden, daher war es nicht mehr funktionst\u00fcchtig. Deswegen haben wir uns das Ziel gesetzt, das Pocketbike nicht nur zum Laufen zu bringen, sondern auch eine passende Lackierung und Sticker anzubringen.<\/p>\n<p><img loading=\"lazy\" decoding=\"async\" class=\"alignnone size-medium wp-image-8987\" src=\"https:\/\/www.kreisschule.ch\/wp-content\/uploads\/2023\/07\/Pocketbike-restaurieren-300x225.png\" alt=\"\" width=\"300\" height=\"225\" srcset=\"https:\/\/www.kreisschule.ch\/wp-content\/uploads\/2023\/07\/Pocketbike-restaurieren-300x225.png 300w, https:\/\/www.kreisschule.ch\/wp-content\/uploads\/2023\/07\/Pocketbike-restaurieren.png 360w\" sizes=\"auto, (max-width: 300px) 100vw, 300px\" \/><\/p>\n<p>von Marc Anneler, Yanik Sutter und Tassone Dwayne<\/p>\n<hr>\n<h4 style=\"font-weight: 400;\">KSM 1 in Minecraft nachbauen<\/h4>\n<p style=\"font-weight: 400;\">Es ist eine Modellvergr\u00f6sserung des Schulgeb\u00e4udes KSM 1. Es wurde im Spiel Minecraft nachgebaut.<\/p>\n<p><img loading=\"lazy\" decoding=\"async\" class=\"alignnone size-medium wp-image-9000\" src=\"https:\/\/www.kreisschule.ch\/wp-content\/uploads\/2023\/07\/Minecraft-300x181.png\" alt=\"\" width=\"300\" height=\"181\" srcset=\"https:\/\/www.kreisschule.ch\/wp-content\/uploads\/2023\/07\/Minecraft-300x181.png 300w, https:\/\/www.kreisschule.ch\/wp-content\/uploads\/2023\/07\/Minecraft.png 435w\" sizes=\"auto, (max-width: 300px) 100vw, 300px\" \/><\/p>\n<p>von J\u00e9r\u00f4me Furrer<\/p>\n<hr>\n<h4 style=\"font-weight: 400;\">Upcycling Sitzsack<\/h4>\n<p style=\"font-weight: 400;\">Wir haben einen Sitzsack aus Stoffresten gen\u00e4ht. Wir haben ihn auch mit Stoffresten und Papier gef\u00fcllt. Am Schluss haben wir den Sitzsack der Schule geschenkt um die Sitzlandschaft zu versch\u00f6nern.<\/p>\n<p><img loading=\"lazy\" decoding=\"async\" class=\"alignnone size-medium wp-image-8998\" src=\"https:\/\/www.kreisschule.ch\/wp-content\/uploads\/2023\/07\/Bildschirmfoto-2023-07-10-um-14.11.13-300x173.png\" alt=\"\" width=\"300\" height=\"173\" srcset=\"https:\/\/www.kreisschule.ch\/wp-content\/uploads\/2023\/07\/Bildschirmfoto-2023-07-10-um-14.11.13-300x173.png 300w, https:\/\/www.kreisschule.ch\/wp-content\/uploads\/2023\/07\/Bildschirmfoto-2023-07-10-um-14.11.13.png 677w\" sizes=\"auto, (max-width: 300px) 100vw, 300px\" \/><\/p>\n<p>von Amaury Lehmann<\/p>\n<hr>\n<h4 style=\"font-weight: 400;\">Essen aus aller Welt<\/h4>\n<p style=\"font-weight: 400;\">Ich und Kian haben zwei Gerichte gekocht, die wir noch nie gemacht haben aus unseren Herk\u00fcnften.<\/p>\n<p><img loading=\"lazy\" decoding=\"async\" class=\"alignnone size-medium wp-image-8997\" src=\"https:\/\/www.kreisschule.ch\/wp-content\/uploads\/2023\/07\/Bildschirmfoto-2023-07-10-um-14.10.29-300x200.png\" alt=\"\" width=\"300\" height=\"200\" srcset=\"https:\/\/www.kreisschule.ch\/wp-content\/uploads\/2023\/07\/Bildschirmfoto-2023-07-10-um-14.10.29-300x200.png 300w, https:\/\/www.kreisschule.ch\/wp-content\/uploads\/2023\/07\/Bildschirmfoto-2023-07-10-um-14.10.29.png 622w\" sizes=\"auto, (max-width: 300px) 100vw, 300px\" \/><\/p>\n<p>Donato Gabriele Longo &amp; Kian Kara<\/p>\n<hr>\n<h4 style=\"font-weight: 400;\">KSM Modell<\/h4>\n<p style=\"font-weight: 400;\">Ich habe die KSM in einem Massstab 1:200 nachgebaut.<\/p>\n<p><img loading=\"lazy\" decoding=\"async\" class=\"alignnone size-medium wp-image-8996\" src=\"https:\/\/www.kreisschule.ch\/wp-content\/uploads\/2023\/07\/KSM-Modell-300x169.png\" alt=\"\" width=\"300\" height=\"169\" srcset=\"https:\/\/www.kreisschule.ch\/wp-content\/uploads\/2023\/07\/KSM-Modell-300x169.png 300w, https:\/\/www.kreisschule.ch\/wp-content\/uploads\/2023\/07\/KSM-Modell.png 325w\" sizes=\"auto, (max-width: 300px) 100vw, 300px\" \/><\/p>\n<p>von Selina Longo<\/p>\n<hr>\n<h4 style=\"font-weight: 400;\">Mini-Basketballkorb<\/h4>\n<p style=\"font-weight: 400;\">Wir haben einen Mini-Basketballkorb gemacht. Wir haben den Ring zusammengeschweisst und den Hintergrund designet, wir sind sehr stolz darauf.<\/p>\n<p><img loading=\"lazy\" decoding=\"async\" class=\"alignnone size-medium wp-image-8995\" src=\"https:\/\/www.kreisschule.ch\/wp-content\/uploads\/2023\/07\/Bildschirmfoto-2023-07-10-um-14.09.04-300x247.png\" alt=\"\" width=\"300\" height=\"247\" srcset=\"https:\/\/www.kreisschule.ch\/wp-content\/uploads\/2023\/07\/Bildschirmfoto-2023-07-10-um-14.09.04-300x247.png 300w, https:\/\/www.kreisschule.ch\/wp-content\/uploads\/2023\/07\/Bildschirmfoto-2023-07-10-um-14.09.04.png 334w\" sizes=\"auto, (max-width: 300px) 100vw, 300px\" \/><\/p>\n<p>von Lucas Maiorano<\/p>\n<hr>\n<h4 style=\"font-weight: 400;\">Mein Schulausflug<\/h4>\n<p style=\"font-weight: 400;\">Mein Projekt ist ein Schulausflug. Ich wollte einen lustigen Ausflug planen, so dass meine Schulkameraden diesen Tag nie vergessen.<\/p>\n<p><img loading=\"lazy\" decoding=\"async\" class=\"alignnone size-medium wp-image-8994\" src=\"https:\/\/www.kreisschule.ch\/wp-content\/uploads\/2023\/07\/schulausflug-300x174.png\" alt=\"\" width=\"300\" height=\"174\" srcset=\"https:\/\/www.kreisschule.ch\/wp-content\/uploads\/2023\/07\/schulausflug-300x174.png 300w, https:\/\/www.kreisschule.ch\/wp-content\/uploads\/2023\/07\/schulausflug.png 404w\" sizes=\"auto, (max-width: 300px) 100vw, 300px\" \/><\/p>\n<p>von Milan Navalon Ivars<\/p>\n<hr>\n<h4 style=\"font-weight: 400;\">Spielfeld f\u00fcr Warhammer 40k<\/h4>\n<p style=\"font-weight: 400;\">Wir haben ein Spielfeld f\u00fcr das Spiel Warhammer 40k erstellt, in einer Form von einer Modelllandschaft. Die Modelllandschaft haben wir dann als W\u00fcste gestaltet und Ruinen aufgeklebt und selber aus dem 3D-Drucker gedruckt, sowie Gipssteine als Felsen hinzugef\u00fcgt.<\/p>\n<p><img loading=\"lazy\" decoding=\"async\" class=\"alignnone size-medium wp-image-8993\" src=\"https:\/\/www.kreisschule.ch\/wp-content\/uploads\/2023\/07\/warhammer-300x168.png\" alt=\"\" width=\"300\" height=\"168\" srcset=\"https:\/\/www.kreisschule.ch\/wp-content\/uploads\/2023\/07\/warhammer-300x168.png 300w, https:\/\/www.kreisschule.ch\/wp-content\/uploads\/2023\/07\/warhammer.png 419w\" sizes=\"auto, (max-width: 300px) 100vw, 300px\" \/><\/p>\n<p>von Rubi Fabian und R\u00f6lli Tim<\/p>\n<hr>\n<h4 style=\"font-weight: 400;\">Kochshow<\/h4>\n<p style=\"font-weight: 400;\">Wir haben uns f\u00fcr eine Kochshow entschieden, in der wir verschiedene Burger kochen und unsere Arbeit filmen. Aus den Videos haben wir eine Kochshow daraus gemacht.<\/p>\n<p><img loading=\"lazy\" decoding=\"async\" class=\"alignnone size-medium wp-image-8992\" src=\"https:\/\/www.kreisschule.ch\/wp-content\/uploads\/2023\/07\/Bildschirmfoto-2023-07-10-um-14.06.45-294x300.png\" alt=\"\" width=\"294\" height=\"300\" srcset=\"https:\/\/www.kreisschule.ch\/wp-content\/uploads\/2023\/07\/Bildschirmfoto-2023-07-10-um-14.06.45-294x300.png 294w, https:\/\/www.kreisschule.ch\/wp-content\/uploads\/2023\/07\/Bildschirmfoto-2023-07-10-um-14.06.45.png 321w\" sizes=\"auto, (max-width: 294px) 100vw, 294px\" \/><\/p>\n<p>von Tim Koller &amp; Noa Strebel<\/p>\n<hr>\n<h4 style=\"font-weight: 400;\">Pers\u00f6nliche Auswahl von 3 ber\u00fchmten Personen aus verschiedenen L\u00e4ndern<\/h4>\n<p style=\"font-weight: 400;\">Bei meinem Vortrag habe ich 3 L\u00e4nder gew\u00e4hlt, (Irland, Griechenland und Serbien) und die f\u00fcr mich am meisten bekannte Person aus ihrem Land vorgestellt. Zu jeder Person habe ich etwas zur Kindheit und zum Beruf gesagt. Zudem habe ich zu jeder Person noch etwas ganz Spezielles gesucht.<\/p>\n<p><img loading=\"lazy\" decoding=\"async\" class=\"alignnone size-medium wp-image-8991\" src=\"https:\/\/www.kreisschule.ch\/wp-content\/uploads\/2023\/07\/beruehmten-Personen-300x190.png\" alt=\"\" width=\"300\" height=\"190\" srcset=\"https:\/\/www.kreisschule.ch\/wp-content\/uploads\/2023\/07\/beruehmten-Personen-300x190.png 300w, https:\/\/www.kreisschule.ch\/wp-content\/uploads\/2023\/07\/beruehmten-Personen.png 360w\" sizes=\"auto, (max-width: 300px) 100vw, 300px\" \/><\/p>\n<p>von Julian Sundi<\/p>\n<hr>\n","protected":false},"excerpt":{"rendered":"<p>Projekt und Recherche ist ein Wahlpflichtfach der 9.Klasse. Dabei realisieren die Sch\u00fclerInnen ihr eigenes Projekt. Was dabei entstanden ist, zeigt die grosse Vielfalt. Sitzlandschaft Die neue Sitzgelegenheit in der KSM 1. Von Sch\u00fcler f\u00fcr Sch\u00fcler*innen. von Anania Gianluca, Cyril Wyss und Brem Remo Ungarn In meinem Projekt geht es um Ungarn. Alles, was Sie \u00fcber [&hellip;]<\/p>\n","protected":false},"author":2,"featured_media":0,"parent":0,"menu_order":0,"comment_status":"closed","ping_status":"closed","template":"","meta":{"ngg_post_thumbnail":0,"footnotes":""},"class_list":["post-8931","page","type-page","status-publish","hentry"],"_links":{"self":[{"href":"https:\/\/www.kreisschule.ch\/index.php?rest_route=\/wp\/v2\/pages\/8931","targetHints":{"allow":["GET"]}}],"collection":[{"href":"https:\/\/www.kreisschule.ch\/index.php?rest_route=\/wp\/v2\/pages"}],"about":[{"href":"https:\/\/www.kreisschule.ch\/index.php?rest_route=\/wp\/v2\/types\/page"}],"author":[{"embeddable":true,"href":"https:\/\/www.kreisschule.ch\/index.php?rest_route=\/wp\/v2\/users\/2"}],"replies":[{"embeddable":true,"href":"https:\/\/www.kreisschule.ch\/index.php?rest_route=%2Fwp%2Fv2%2Fcomments&post=8931"}],"version-history":[{"count":25,"href":"https:\/\/www.kreisschule.ch\/index.php?rest_route=\/wp\/v2\/pages\/8931\/revisions"}],"predecessor-version":[{"id":9004,"href":"https:\/\/www.kreisschule.ch\/index.php?rest_route=\/wp\/v2\/pages\/8931\/revisions\/9004"}],"wp:attachment":[{"href":"https:\/\/www.kreisschule.ch\/index.php?rest_route=%2Fwp%2Fv2%2Fmedia&parent=8931"}],"curies":[{"name":"wp","href":"https:\/\/api.w.org\/{rel}","templated":true}]}}